te the highest common divisor of r and 140.
20
Let s(i) = -i**2 - 9*i - 7. Let x be s(-8). Let j = 3 - x. Suppose 0 = j*b - p - 30, 4*p = 2*b - 24 - 12. Calculate the highest common factor of b and 35.
7
Let q be 4/2 + (22 - 10). Calculate the highest common factor of 7 and q.
7
Let z = -1 - -7. Let n be (-5)/15 - (-290)/6. What is the highest common factor of n and z?
6
Let y(z) = -5*z - 14. Let q be y(-4). Let b = 18 - q. Calculate the greatest common factor of b and 3.
3
Let y(t) = -116*t - 2. Let d(m) = m**2 + 4*m + 1. Let x be d(-3). Let n be y(x). Suppose -n = -5*q + 3*q. Calculate the highest common factor of 23 and q.
23
Let k = -13 + 24. What is the greatest common divisor of 88 and k?
11
Let o = 60 + -58. What is the highest common divisor of o and 16?
2
Suppose -7*h - 44 = -11*h + 4*w, -4*h + 2*w + 40 = 0. Suppose 4*v - 159 = 5*s, 4*v - 4*s - 90 = 66. Calculate the greatest common factor of v and h.
9
Suppose 3*g - 4*q = 284, 8*q = -g + 5*q + 73. Let l(u) = -u**3 - 4*u**2 + 3*u - 2. Let b be l(-5). What is the highest common factor of b and g?
8
Suppose 8*f - 105 = 3*f. What is the greatest common divisor of 105 and f?
21
Suppose 0*c + 2*c - 24 = 0. Calculate the greatest common divisor of c and 6.
6
Let p be (52/9)/1 + 2/9. Suppose 5*v - 4*v + 3*y - 45 = 0, -65 = -3*v + 5*y. What is the highest common divisor of v and p?
6
Let h be (-6270)/(-20)*(-4)/(-6). What is the highest common divisor of h and 19?
19
Let c = 3 - 1. Suppose h + 4 = c*h. What is the greatest common factor of 1 and h?
1
Suppose -j - 1 = -4*r - 4, 3*j = 4*r + 41. Let x = -18 + j. Suppose 4*i = 3*i - 2, -4*w - i + 34 = 0. What is the greatest common factor of x and w?
1
Let l = 8 + -5. Suppose 44 = 2*y - 4*d, l*y - 42 - 24 = d. What is the highest common factor of 22 and y?
22
Suppose -5*f = s - 187, -2*s = -2*f + 3*f - 32. Let n = -2 + f. What is the greatest common divisor of 4 and n?
4
Suppose -2*o = 4*v - 64, -14 = 2*v + 3*o - 42. What is the greatest common divisor of 85 and v?
17
Let d = -11 - -15. Suppose d*n + 5*y - 510 = -n, 4*n - 411 = -3*y. Suppose 5*h = -0*h + n. What is the highest common factor of h and 3?
3
Suppose -6*y + 8*y - 60 = 0. What is the greatest common factor of y and 45?
15
Let l(p) = -p**2 + 7*p - 6. Let j be l(4). Suppose j = c + c. Let d be 3 - c - -9*4. What is the greatest common divisor of 12 and d?
12
Suppose 2*h - 4*i - 42 = 0, 4*h - 5*h + 5*i = -36. Calculate the highest common divisor of 11 and h.
11
Let b = 87 + -68. What is the highest common factor of 95 and b?
19
Let r(u) = 2*u + 6*u - u + 1. Let g be r(1). What is the highest common factor of 8 and g?
8
Suppose -2 = 2*s - 6. Let c be 165 - (1 - s)*3. Calculate the greatest common factor of c and 21.
21
Let z be 6 - 8*1/(-2). What is the greatest common divisor of 5 and z?
5
Let i(y) = y**3 + 11*y**2 + 10*y + 3. Let v be i(-10). Let j(k) = k**2 + k - 66. Let g be j(0). Let q = -45 - g. What is the highest common divisor of q and v?
3
Let n(t) = -t**2 + 6*t + 4. Let d be n(5). Let a be ((0 - 7) + -2)*1. Let b = a - -15. What is the highest common divisor of b and d?
3
Suppose -188 - 297 = 2*w - 5*t, 3*w + 737 = -2*t. Let j = -21 - w. Suppose -4*h = -j - 32. What is the highest common divisor of h and 8?
8
Let l be 86/6 - (-2)/(-6). Calculate the greatest common divisor of 84 and l.
14
Suppose -42 = -2*p - p. What is the greatest common divisor of 35 and p?
7
Let n(d) = -3*d + 2. Let m be n(-2). Calculate the greatest common divisor of m and 32.
8
Let r = -5 + 4. Let j be -2*((-7)/(-2) + r). Let z = 71 + j. What is the greatest common divisor of z and 11?
11
Let a be ((-56)/21*1)/((-2)/9). Let s(z) be the first derivative of -43*z**2/2 - 2*z - 1. Let t be s(-2). Calculate the greatest common divisor of a and t.
12
Let i = -149 + 189. What is the highest common divisor of i and 320?
40
Let d(h) = h. Let p be d(3). Let o be (-58)/(-2) + p + -6. What is the highest common factor of 104 and o?
26
Let p = -26 - -179. Calculate the highest common factor of p and 17.
17
Let s = -11 - -18. What is the highest common factor of s and 21?
7
Suppose 3*i - 11 + 2 = 0. Suppose -4 = -i*f + f. Let j(q) = -3*q**3 + q. Let w be j(-1). What is the highest common factor of f and w?
2
Let w(k) = -k**3 + 7*k**2 - 5*k + 6. Let x be w(6). Calculate the highest common factor of x and 18.
6
Let l be ((-364)/(-35))/((-2)/(-5)). Let j = l - 2. What is the greatest common factor of j and 16?
8
Let z = 15 - -45. What is the highest common divisor of 40 and z?
20
Let r = 86 + -59. Calculate the greatest common factor of 135 and r.
27
Let c be (6/3)/((-2)/(-3)). Let n(t) = -t**3 + t**2 + 2*t - 3. Let k be n(2). Let r be -2 + (-9)/k + 23. What is the highest common factor of r and c?
3
Let i = 51 + -36. Calculate the greatest common factor of i and 165.
15
Let p(t) = t - 1. Let k be p(5). Suppose 56 = 7*y - 56. Calculate the greatest common factor of k and y.
4
Let d be 2/4 - 1275/(-10). Calculate the highest common divisor of d and 16.
16
Let i(v) = -v**2 + 6*v - 4. Let k be i(4). Let z(m) = m**2 - 4. Let r be z(3). Suppose 106 = r*a - 34. Calculate the highest common divisor of a and k.
4
Let y be ((-21)/6)/(2/(-4)). Suppose 198 = 3*r - 4*j - 29, -387 = -5*r - 2*j. Calculate the greatest common divisor of r and y.
7
Let g(i) = i**3 + 10*i**2 + 8*i - 5. Let l be g(-9). Suppose l*a = 4*y, -6 = -2*y - 0. Suppose -45 = -3*n - a. Calculate the highest common factor of n and 35.
7
Suppose -3*f + 25 = -8*f, 4*f + 8 = 4*z. Let r be (-1)/z*18*1. Suppose 4*q = 3*b + 21, r*b = 2*q + 3*b - 15. What is the greatest common factor of q and 9?
3
Let f(l) = -5*l**2 - 9*l - 10. Let r(z) = -z**2 - 1. Let o(c) = -f(c) + 4*r(c). Let t be o(-9). Calculate the highest common factor of 66 and t.
6
Let b = 33 + -6. Suppose -4*u + 6 = -3*s, -3*u + 7*u + s = -2. Suppose h = -u*h + 3. What is the greatest common divisor of h and b?
3
Let n be (-2 - -1)/((-1)/95). Let z = 108 - 70. Calculate the highest common factor of n and z.
19
Let m = 119 + -86. Calculate the highest common divisor of m and 88.
11
Let v(q) = q**2 + 17*q - 8. Let n be v(-18). Calculate the highest common divisor of 8 and n.
2
Let r(s) = s**3 + 3*s**2 + 4*s + 11. Let z be r(5). Calculate the highest common divisor of z and 33.
33
Let g(t) = 55*t**2 - 4. Let u be g(-2). What is the greatest common divisor of 27 and u?
27
Let k = 10 - 6. What is the greatest common divisor of 36 and k?
4
Suppose 3*v - 5*v = -294. Calculate the greatest common factor of 21 and v.
21
Suppose 2 = 3*z - 2*z. Suppose z*x + 6 = 5*x. Calculate the highest common factor of x and 1.
1
Let m = 5 + -3. Suppose -11 = 3*u - 2*v, 0 = -5*u + 3*v - v - 21. Let o = 13 - u. Calculate the highest common factor of o and m.
2
Let t(j) = j**3 + 8*j**2 + 10*j + 2. Let x be t(-7). Let b = x - 0. Let i = 30 + b. Calculate the greatest common factor of 1 and i.
1
Let l be (-1*11)/(1/(-9)). Suppose -12*c + 11*c - 3 = 0. Let d be (2/c)/(2/(-33)). What is the greatest common factor of l and d?
11
Let f be (-1)/(-3 + 10/3). Let z be 2/f - 53/(-3). Calculate the highest common divisor of 17 and z.
17
Suppose -x + 4*x + 7 = -2*i, i + 16 = -4*x. Suppose -3*o - 75 = -8*o. Let d be (16/5)/(3/o). What is the greatest common factor of d and i?
4
Let h be (1 + -2)*-2 + -2. Suppose 0 = 4*b - 5*k - 24, -3*k - 14 = -2*b - h*k. What is the highest common factor of 5 and b?
1
Suppose 245 + 315 = 5*r. Let y(a) = 2*a + 18. Let j be y(-2). Calculate the highest common divisor of r and j.
14
Let q = -62 - -99. Suppose 4*s - q = -0*s - 3*u, 59 = 3*s - 4*u. Calculate the highest common divisor of s and 13.
13
Suppose 4*c + 8*c = 84. Calculate the highest common divisor of c and 1.
1
Suppose -v = -0*v - 9. What is the highest common divisor of v and 99?
9
Let s = 162 - 86. Calculate the greatest common factor of s and 38.
38
Suppose -5*f - o - 2*o + 692 = 0, 0 = -2*o + 8. Let q(z) = -z**2 - 11*z + 5. Let d be q(-11). Suppose 12 = n - d. What is the greatest common factor of f and n?
17
Suppose 0 = -4*x + 187 + 173. What is the greatest common divisor of 60 and x?
30
Let s = 8 - -6. What is the highest common divisor of s and 14?
14
Suppose -2*h - 22 - 20 = 0. Let z = h + 91. Suppose 2*o - 39 = 2*r + 13, -o = 3*r - 34. What is t